97?
False
Is 725444627 a multiple of 2935?
False
Is 12 a factor of 25216589?
False
Is 15 a factor of 157545985?
False
Is 446815750 a multiple of 4325?
True
Is 2626 a factor of 389160565?
False
Is 72795246 a multiple of 2035?
False
Is 422 a factor of 1038461398?
True
Is 76436898 a multiple of 243?
False
Is 271 a factor of 281678484?
True
Does 79 divide 5540569?
False
Is 1571550828 a multiple of 205?
False
Is 911 a factor of 2151879?
False
Does 117 divide 31432311?
False
Does 250 divide 59636369?
False
Is 740 a factor of 296383599?
False
Is 2495818 a multiple of 1534?
True
Is 740 a factor of 68219819?
False
Is 41 a factor of 139670438?
False
Is 1681404015 a multiple of 13739?
False
Is 151 a factor of 302992976?
True
Does 7 divide 1749667?
False
Is 261059991 a multiple of 4303?
False
Is 261 a factor of 68062536?
True
Is 1309851652 a multiple of 5374?
False
Does 557 divide 4198109?
True
Is 2992480 a multiple of 236?
True
Does 144 divide 144679536?
True
Does 276 divide 338328436?
False
Is 50 a factor of 919531800?
True
Is 1203515459 a multiple of 17?
True
Does 7 divide 402362023?
True
Is 22209957 a multiple of 1701?
True
Is 22 a factor of 501072484?
True
Is 3200715 a multiple of 45?
True
Does 13006 divide 2330547638?
False
Is 1878 a factor of 73076736?
True
Is 200 a factor of 3659560?
False
Is 13 a factor of 7279155?
True
Is 1226 a factor of 352018928?
True
Is 12 a factor of 215450?
False
Is 115 a factor of 1912108565?
True
Is 723684255 a multiple of 14?
False
Does 5024 divide 537501018?
False
Does 6 divide 9870078?
True
Is 104 a factor of 196689896?
True
Does 64 divide 1532364032?
True
Is 119660926 a multiple of 1309?
True
Is 2906635 a multiple of 1018?
False
Does 51 divide 1318707?
True
Is 7323705 a multiple of 15?
True
Is 430 a factor of 43832908?
False
Is 6354 a factor of 239854925?
False
Does 24 divide 487956367?
False
Does 5 divide 63357802?
False
Does 28 divide 244584004?
True
Does 25 divide 1269831410?
False
Does 138 divide 83068272?
True
Does 1887 divide 25421664?
True
Is 39 a factor of 3697500534?
True
Does 73 divide 20890692?
False
Does 156 divide 24046152?
True
Does 28 divide 214628764?
True
Is 8 a factor of 220910291?
False
Is 196057452 a multiple of 29?
False
Is 153 a factor of 415480002?
False
Is 352 a factor of 47794481?
False
Is 12 a factor of 14550948?
True
Does 1014 divide 266581614?
True
Does 26 divide 411295128?
False
Does 10 divide 77894500?
True
Is 73 a factor of 93384338?
False
Is 33171891 a multiple of 56?
False
Is 1358 a factor of 4387686?
False
Does 77 divide 2351463807?
True
Is 516316580 a multiple of 1885?
True
Is 15271758 a multiple of 211?
True
Does 2350 divide 71226150?
True
Is 563 a factor of 18285765?
False
Is 987 a factor of 2993147577?
True
Is 8626939 a multiple of 17?
True
Does 5959 divide 1989806213?
False
Is 286 a factor of 2280053552?
False
Is 19 a factor of 533996?
False
Is 32084628 a multiple of 124?
True
Does 435 divide 412133741?
False
Is 776742400 a multiple of 512?
True
Is 40 a factor of 146844533?
False
Does 61 divide 314477387?
True
Is 69570514 a multiple of 247?
True
Is 51 a factor of 13362306?
True
Does 189 divide 207472662?
False
Is 25735280 a multiple of 1016?
True
Is 20153557 a multiple of 883?
False
Does 28 divide 34205444?
True
Does 4 divide 217815747?
False
Is 299 a factor of 102191158?
False
Is 100 a factor of 37179549?
False
Does 583 divide 4788179?
True
Is 4181 a factor of 224670587?
False
Does 42 divide 988009218?
True
Is 500349 a multiple of 4?
False
Does 30 divide 95939220?
True
Does 170 divide 13005850?
True
Is 663 a factor of 79071369?
True
Does 593 divide 36468472?
False
Is 2438152976 a multiple of 2107?
True
Is 1411 a factor of 5797799?
True
Is 24 a factor of 30433719?
False
Is 163551321 a multiple of 506?
False
Is 213606547 a multiple of 331?
True
Is 729218638 a multiple of 184?
False
Is 617 a factor of 189558442?
True
Does 2038 divide 476496628?
True
Is 623074690 a multiple of 24?
False
Is 1643064 a multiple of 49?
False
Is 1484 a factor of 304031532?
True
Is 4 a factor of 18459663?
False
Is 4 a factor of 13356278?
False
Is 11712320 a multiple of 287?
False
Is 9263 a factor of 665148241?
True
Is 4 a factor of 1730171?
False
Does 5692 divide 3515248284?
True
Is 18627939 a multiple of 139?
False
Does 42 divide 17355030?
True
Does 1969 divide 100373713?
True
Is 981 a factor of 8318880?
True
Does 5 divide 5797074?
False
Is 22 a factor of 19545460?
True
Does 1008 divide 1146837153?
False
Is 415 a factor of 1218669?
False
Is 2769228 a multiple of 66?
True
Does 8 divide 13361120?
True
Is 128 a factor of 827341184?
True
Is 1688 a factor of 213761414?
False
Does 157 divide 29091315?
True
Is 3 a factor of 372992502?
True
Is 201593977 a multiple of 26?
False
Does 117 divide 172143855?
True
Is 7282848 a multiple of 107?
True
Is 234 a factor of 194867723?
False
Is 388538682 a multiple of 127?
False
Is 463719168 a multiple of 96?
True
Is 353 a factor of 27120889?
False
Does 32 divide 72100658?
False
Is 211410432 a multiple of 1152?
True
Is 3 a factor of 2118076?
False
Does 175 divide 354657717?
False
Is 30479137 a multiple of 1515?
False
Is 1243282068 a multiple of 14?
True
Does 7 divide 120313008?
False
Does 49 divide 13747188?
False
Does 98 divide 8103424?
True
Does 3199 divide 770959?
True
Is 34 a factor of 78025036?
True
Is 1255 a factor of 23825169?
False
Is 13 a factor of 737326876?
True
Is 52135564 a multiple of 1149?
False
Does 31 divide 50592713?
True
Does 12 divide 52748733?
False
Is 538 a factor of 6675600?
False
Is 306691110 a multiple of 1956?
False
Is 194120082 a multiple of 7131?
True
Does 1136 divide 396506086?
False
Does 177 divide 185967528?
True
Is 321 a factor of 41786647?
False
Is 188 a factor of 96959684?
True
Is 108484896 a multiple of 32?
True
Does 1680 divide 78442578?
False
Does 784 divide 36737456?
True
Is 8505241 a multiple of 51?
False
Is 18 a factor of 596175054?
False
Does 30 divide 34908120?
True
Is 466 a factor of 44811899?
False
Does 7 divide 34783542?
False
Is 240348823 a multiple of 129?
False
Is 82 a factor of 1509687240?
True
Is 686994389 a multiple of 100?
False
Is 118940212 a multiple of 1493?
False
Is 47 a factor of 84345354?
True
Is 14 a factor of 27638776?
False
Is 871 a factor of 28388455?
False
Is 17495901 a multiple of 247?
False
Does 4513 divide 2988566376?
False
Is 11777 a factor of 2003974320?
True
Is 463 a factor of 9408623?
True
Does 306 divide 1605890128?
False
Is 467 a factor of 34189108?
False
Does 25 divide 529079768?
False
Is 18910068 a multiple of 1167?
True
Does 3 divide 361683878?
False
Does 49 divide 251220060?
True
Is 5471 a factor of 76966028?
True
Does 3 divide 192893988?
True
Is 64 a factor of 97808250?
False
Does 132 divide 30201169?
False
Does 26 divide 36145772?
True
Is 421 a factor of 3165352030?
False
Is 14 a factor of 247047234?
True
Is 2034 a factor of 187298856?
True
Is 3 a factor of 2931747?
True
Is 70 a factor of 683866236?
False
Is 1390624685 a multiple of 1069?
True
Does 386 divide 23447377?
False
Does 10 divide 507804712?
False
Is 519 a factor of 9747339?
True
Is 290778271 a multiple of 17?
False
Is 163 a factor of 1536601998?
False
Does 18 divide 21499331?
False
Is 4097170 a multiple of 94?
False
Is 614 a factor of 34137172?
True
Is 8201 a factor of 4008607795?
True
Is 187 a factor of 51505341?
False
Is 8881 a factor of 3277533050?
True
Does 964 divide 577961380?
True
Does 312 divide 35632788?
False
Does 23 divide 186769913?
True
Is 5698486 a multiple of 29?
False
Is 493293496 a multiple of 845?
False
Is 7558300 a multiple of 5?
True
Does 7757 divide 276707704?
True
Is 24304452 a multiple of 3?
True
Is 66653362 a multiple of 59?
True
Is 140 a factor of 20015352?
False
Does 64 divide 536385252?
False
Is 333947075 a multiple of 6743?
True
Is 1375264630 a multiple of 10?
True
Is 1337335 a multiple of 268?
False
Does 2992 divide 71499824?
True
Does 6366 divide 3185365714?
False
Is 57 a factor of 35719164?
True
Is 71105046 a multiple of 74?
True
Is 85 a factor of 4682452?
False
Does 2132 divide 48169125?
False
Is 292 a factor of 1249072048?
True
Does 153 divide 16936072?
False
Is 79151730 a multiple of 14?
True
Is 28 a factor of 110981108?
True
Is 29 a factor of 16593452?
True
Is 70961972 a multiple of 8?
False
Does 20